{"id":33344,"date":"2019-05-25T17:31:20","date_gmt":"2019-05-25T15:31:20","guid":{"rendered":"https:\/\/bizimugi.eu\/wp-content\/uploads\/2019\/05\/Prise-de-aprole-pour-une-piste-cyclable-s\u00e9curis\u00e9e-sur-le-boulevard-du-BAB.jpg"},"modified":"2019-05-25T17:31:20","modified_gmt":"2019-05-25T15:31:20","slug":"prise-de-aprole-pour-une-piste-cyclable-securisee-sur-le-boulevard-du-bab","status":"inherit","type":"attachment","link":"https:\/\/bizimugi.eu\/eu\/gero-berantegi-izanen-da\/prise-de-aprole-pour-une-piste-cyclable-securisee-sur-le-boulevard-du-bab\/","title":{"rendered":"Prise de aprole pour une piste cyclable s\u00e9curis\u00e9e sur le boulevard du BAB"},"author":256,"comment_status":"closed","ping_status":"closed","template":"","meta":{"amp_status":""},"description":{"rendered":"<p class=\"attachment\"><a href='https:\/\/bizimugi.eu\/wp-content\/uploads\/2019\/05\/Prise-de-aprole-pour-une-piste-cyclable-s\u00e9curis\u00e9e-sur-le-boulevard-du-BAB.jpg'><img loading=\"lazy\" decoding=\"async\" width=\"300\" height=\"169\" src=\"https:\/\/bizimugi.eu\/wp-content\/uploads\/2019\/05\/Prise-de-aprole-pour-une-piste-cyclable-s\u00e9curis\u00e9e-sur-le-boulevard-du-BAB-300x169.jpg\" class=\"attachment-medium size-medium\" alt=\"\" srcset=\"https:\/\/bizimugi.eu\/wp-content\/uploads\/2019\/05\/Prise-de-aprole-pour-une-piste-cyclable-s\u00e9curis\u00e9e-sur-le-boulevard-du-BAB-300x169.jpg 300w, https:\/\/bizimugi.eu\/wp-content\/uploads\/2019\/05\/Prise-de-aprole-pour-une-piste-cyclable-s\u00e9curis\u00e9e-sur-le-boulevard-du-BAB-768x432.jpg 768w, https:\/\/bizimugi.eu\/wp-content\/uploads\/2019\/05\/Prise-de-aprole-pour-une-piste-cyclable-s\u00e9curis\u00e9e-sur-le-boulevard-du-BAB-500x281.jpg 500w, https:\/\/bizimugi.eu\/wp-content\/uploads\/2019\/05\/Prise-de-aprole-pour-une-piste-cyclable-s\u00e9curis\u00e9e-sur-le-boulevard-du-BAB-600x337.jpg 600w, https:\/\/bizimugi.eu\/wp-content\/uploads\/2019\/05\/Prise-de-aprole-pour-une-piste-cyclable-s\u00e9curis\u00e9e-sur-le-boulevard-du-BAB.jpg 985w\" sizes=\"(max-width: 300px) 100vw, 300px\" \/><\/a><\/p>\n"},"caption":{"rendered":""},"alt_text":"","media_type":"image","mime_type":"image\/jpeg","media_details":{"width":985,"height":554,"file":"2019\/05\/Prise-de-aprole-pour-une-piste-cyclable-s\u00e9curis\u00e9e-sur-le-boulevard-du-BAB.jpg","sizes":{"thumbnail":{"file":"Prise-de-aprole-pour-une-piste-cyclable-s\u00e9curis\u00e9e-sur-le-boulevard-du-BAB-200x200.jpg","width":200,"height":200,"mime_type":"image\/jpeg","source_url":"https:\/\/bizimugi.eu\/wp-content\/uploads\/2019\/05\/Prise-de-aprole-pour-une-piste-cyclable-s\u00e9curis\u00e9e-sur-le-boulevard-du-BAB-200x200.jpg"},"medium":{"file":"Prise-de-aprole-pour-une-piste-cyclable-s\u00e9curis\u00e9e-sur-le-boulevard-du-BAB-300x169.jpg","width":300,"height":169,"mime_type":"image\/jpeg","source_url":"https:\/\/bizimugi.eu\/wp-content\/uploads\/2019\/05\/Prise-de-aprole-pour-une-piste-cyclable-s\u00e9curis\u00e9e-sur-le-boulevard-du-BAB-300x169.jpg"},"medium_large":{"file":"Prise-de-aprole-pour-une-piste-cyclable-s\u00e9curis\u00e9e-sur-le-boulevard-du-BAB-768x432.jpg","width":768,"height":432,"mime_type":"image\/jpeg","source_url":"https:\/\/bizimugi.eu\/wp-content\/uploads\/2019\/05\/Prise-de-aprole-pour-une-piste-cyclable-s\u00e9curis\u00e9e-sur-le-boulevard-du-BAB-768x432.jpg"},"large":{"file":"Prise-de-aprole-pour-une-piste-cyclable-s\u00e9curis\u00e9e-sur-le-boulevard-du-BAB-500x281.jpg","width":500,"height":281,"mime_type":"image\/jpeg","source_url":"https:\/\/bizimugi.eu\/wp-content\/uploads\/2019\/05\/Prise-de-aprole-pour-une-piste-cyclable-s\u00e9curis\u00e9e-sur-le-boulevard-du-BAB-500x281.jpg"},"graphene_slider":{"file":"Prise-de-aprole-pour-une-piste-cyclable-s\u00e9curis\u00e9e-sur-le-boulevard-du-BAB-847x220.jpg","width":847,"height":220,"mime_type":"image\/jpeg","source_url":"https:\/\/bizimugi.eu\/wp-content\/uploads\/2019\/05\/Prise-de-aprole-pour-une-piste-cyclable-s\u00e9curis\u00e9e-sur-le-boulevard-du-BAB-847x220.jpg"},"post-thumbnail":{"file":"Prise-de-aprole-pour-une-piste-cyclable-s\u00e9curis\u00e9e-sur-le-boulevard-du-BAB-985x100.jpg","width":985,"height":100,"mime_type":"image\/jpeg","source_url":"https:\/\/bizimugi.eu\/wp-content\/uploads\/2019\/05\/Prise-de-aprole-pour-une-piste-cyclable-s\u00e9curis\u00e9e-sur-le-boulevard-du-BAB-985x100.jpg"},"woocommerce_thumbnail":{"file":"Prise-de-aprole-pour-une-piste-cyclable-s\u00e9curis\u00e9e-sur-le-boulevard-du-BAB-300x300.jpg","width":300,"height":300,"uncropped":"1","mime_type":"image\/jpeg","source_url":"https:\/\/bizimugi.eu\/wp-content\/uploads\/2019\/05\/Prise-de-aprole-pour-une-piste-cyclable-s\u00e9curis\u00e9e-sur-le-boulevard-du-BAB-300x300.jpg"},"woocommerce_single":{"file":"Prise-de-aprole-pour-une-piste-cyclable-s\u00e9curis\u00e9e-sur-le-boulevard-du-BAB-600x337.jpg","width":600,"height":337,"mime_type":"image\/jpeg","source_url":"https:\/\/bizimugi.eu\/wp-content\/uploads\/2019\/05\/Prise-de-aprole-pour-une-piste-cyclable-s\u00e9curis\u00e9e-sur-le-boulevard-du-BAB-600x337.jpg"},"woocommerce_gallery_thumbnail":{"file":"Prise-de-aprole-pour-une-piste-cyclable-s\u00e9curis\u00e9e-sur-le-boulevard-du-BAB-100x100.jpg","width":100,"height":100,"mime_type":"image\/jpeg","source_url":"https:\/\/bizimugi.eu\/wp-content\/uploads\/2019\/05\/Prise-de-aprole-pour-une-piste-cyclable-s\u00e9curis\u00e9e-sur-le-boulevard-du-BAB-100x100.jpg"},"shop_catalog":{"file":"Prise-de-aprole-pour-une-piste-cyclable-s\u00e9curis\u00e9e-sur-le-boulevard-du-BAB-300x300.jpg","width":300,"height":300,"mime_type":"image\/jpeg","source_url":"https:\/\/bizimugi.eu\/wp-content\/uploads\/2019\/05\/Prise-de-aprole-pour-une-piste-cyclable-s\u00e9curis\u00e9e-sur-le-boulevard-du-BAB-300x300.jpg"},"shop_single":{"file":"Prise-de-aprole-pour-une-piste-cyclable-s\u00e9curis\u00e9e-sur-le-boulevard-du-BAB-600x337.jpg","width":600,"height":337,"mime_type":"image\/jpeg","source_url":"https:\/\/bizimugi.eu\/wp-content\/uploads\/2019\/05\/Prise-de-aprole-pour-une-piste-cyclable-s\u00e9curis\u00e9e-sur-le-boulevard-du-BAB-600x337.jpg"},"shop_thumbnail":{"file":"Prise-de-aprole-pour-une-piste-cyclable-s\u00e9curis\u00e9e-sur-le-boulevard-du-BAB-100x100.jpg","width":100,"height":100,"mime_type":"image\/jpeg","source_url":"https:\/\/bizimugi.eu\/wp-content\/uploads\/2019\/05\/Prise-de-aprole-pour-une-piste-cyclable-s\u00e9curis\u00e9e-sur-le-boulevard-du-BAB-100x100.jpg"},"full":{"file":"Prise-de-aprole-pour-une-piste-cyclable-s\u00e9curis\u00e9e-sur-le-boulevard-du-BAB.jpg","width":985,"height":554,"mime_type":"image\/jpeg","source_url":"https:\/\/bizimugi.eu\/wp-content\/uploads\/2019\/05\/Prise-de-aprole-pour-une-piste-cyclable-s\u00e9curis\u00e9e-sur-le-boulevard-du-BAB.jpg"}},"image_meta":{"aperture":"0","credit":"","camera":"","caption":"","created_timestamp":"0","copyright":"","focal_length":"0","iso":"0","shutter_speed":"0","title":"","orientation":"1"}},"post":33340,"source_url":"https:\/\/bizimugi.eu\/wp-content\/uploads\/2019\/05\/Prise-de-aprole-pour-une-piste-cyclable-s\u00e9curis\u00e9e-sur-le-boulevard-du-BAB.jpg","_links":{"self":[{"href":"https:\/\/bizimugi.eu\/eu\/wp-json\/wp\/v2\/media\/33344"}],"collection":[{"href":"https:\/\/bizimugi.eu\/eu\/wp-json\/wp\/v2\/media"}],"about":[{"href":"https:\/\/bizimugi.eu\/eu\/wp-json\/wp\/v2\/types\/attachment"}],"author":[{"embeddable":true,"href":"https:\/\/bizimugi.eu\/eu\/wp-json\/wp\/v2\/users\/256"}],"replies":[{"embeddable":true,"href":"https:\/\/bizimugi.eu\/eu\/wp-json\/wp\/v2\/comments?post=33344"}]}}

https://bizimugi.eu/wp-content/uploads/2019/05/Prise-de-aprole-pour-une-piste-cyclable-sécurisée-sur-le-boulevard-du-BAB.jpg

Prise de aprole pour une piste cyclable sécurisée sur le boulevard du BAB

<p class="attachment"><a href='https://bizimugi.eu/wp-content/uploads/2019/05/Prise-de-aprole-pour-une-piste-cyclable-sécurisée-sur-le-boulevard-du-BAB.jpg'><img loading="lazy" decoding="async" width="300" height="169" src="https://bizimugi.eu/wp-content/uploads/2019/05/Prise-de-aprole-pour-une-piste-cyclable-sécurisée-sur-le-boulevard-du-BAB-300x169.jpg" class="attachment-medium size-medium" alt="" srcset="https://bizimugi.eu/wp-content/uploads/2019/05/Prise-de-aprole-pour-une-piste-cyclable-sécurisée-sur-le-boulevard-du-BAB-300x169.jpg 300w, https://bizimugi.eu/wp-content/uploads/2019/05/Prise-de-aprole-pour-une-piste-cyclable-sécurisée-sur-le-boulevard-du-BAB-768x432.jpg 768w, https://bizimugi.eu/wp-content/uploads/2019/05/Prise-de-aprole-pour-une-piste-cyclable-sécurisée-sur-le-boulevard-du-BAB-500x281.jpg 500w, https://bizimugi.eu/wp-content/uploads/2019/05/Prise-de-aprole-pour-une-piste-cyclable-sécurisée-sur-le-boulevard-du-BAB-600x337.jpg 600w, https://bizimugi.eu/wp-content/uploads/2019/05/Prise-de-aprole-pour-une-piste-cyclable-sécurisée-sur-le-boulevard-du-BAB.jpg 985w" sizes="(max-width: 300px) 100vw, 300px" /></a></p>

2019/05/Prise-de-aprole-pour-une-piste-cyclable-sécurisée-sur-le-boulevard-du-BAB.jpg

Prise-de-aprole-pour-une-piste-cyclable-sécurisée-sur-le-boulevard-du-BAB-200x200.jpg

https://bizimugi.eu/wp-content/uploads/2019/05/Prise-de-aprole-pour-une-piste-cyclable-sécurisée-sur-le-boulevard-du-BAB-200x200.jpg

Prise-de-aprole-pour-une-piste-cyclable-sécurisée-sur-le-boulevard-du-BAB-300x169.jpg

https://bizimugi.eu/wp-content/uploads/2019/05/Prise-de-aprole-pour-une-piste-cyclable-sécurisée-sur-le-boulevard-du-BAB-300x169.jpg

Prise-de-aprole-pour-une-piste-cyclable-sécurisée-sur-le-boulevard-du-BAB-768x432.jpg

https://bizimugi.eu/wp-content/uploads/2019/05/Prise-de-aprole-pour-une-piste-cyclable-sécurisée-sur-le-boulevard-du-BAB-768x432.jpg

Prise-de-aprole-pour-une-piste-cyclable-sécurisée-sur-le-boulevard-du-BAB-500x281.jpg

https://bizimugi.eu/wp-content/uploads/2019/05/Prise-de-aprole-pour-une-piste-cyclable-sécurisée-sur-le-boulevard-du-BAB-500x281.jpg

Prise-de-aprole-pour-une-piste-cyclable-sécurisée-sur-le-boulevard-du-BAB-847x220.jpg

https://bizimugi.eu/wp-content/uploads/2019/05/Prise-de-aprole-pour-une-piste-cyclable-sécurisée-sur-le-boulevard-du-BAB-847x220.jpg

Prise-de-aprole-pour-une-piste-cyclable-sécurisée-sur-le-boulevard-du-BAB-985x100.jpg

https://bizimugi.eu/wp-content/uploads/2019/05/Prise-de-aprole-pour-une-piste-cyclable-sécurisée-sur-le-boulevard-du-BAB-985x100.jpg

Prise-de-aprole-pour-une-piste-cyclable-sécurisée-sur-le-boulevard-du-BAB-300x300.jpg

https://bizimugi.eu/wp-content/uploads/2019/05/Prise-de-aprole-pour-une-piste-cyclable-sécurisée-sur-le-boulevard-du-BAB-300x300.jpg

Prise-de-aprole-pour-une-piste-cyclable-sécurisée-sur-le-boulevard-du-BAB-600x337.jpg

https://bizimugi.eu/wp-content/uploads/2019/05/Prise-de-aprole-pour-une-piste-cyclable-sécurisée-sur-le-boulevard-du-BAB-600x337.jpg

Prise-de-aprole-pour-une-piste-cyclable-sécurisée-sur-le-boulevard-du-BAB-100x100.jpg

https://bizimugi.eu/wp-content/uploads/2019/05/Prise-de-aprole-pour-une-piste-cyclable-sécurisée-sur-le-boulevard-du-BAB-100x100.jpg

Prise-de-aprole-pour-une-piste-cyclable-sécurisée-sur-le-boulevard-du-BAB.jpg
