{"id":28978,"date":"2012-04-14T15:31:05","date_gmt":"2012-04-14T13:31:05","guid":{"rendered":"https:\/\/bizimugi.eu\/wp-content\/uploads\/2012\/04\/D\u00e9lit-doffense-au-Chef-de-lEtat-dapr\u00e8s-la-police.jpg"},"modified":"2012-04-14T15:31:05","modified_gmt":"2012-04-14T13:31:05","slug":"delit-doffense-au-chef-de-letat-dapres-la-police","status":"inherit","type":"attachment","link":"https:\/\/bizimugi.eu\/eu\/apirilaren-14a-larunbat-huntan-poliziak-sarkozy-kanpora-operazioa-oztopatzen-entseatu-du\/delit-doffense-au-chef-de-letat-dapres-la-police\/","title":{"rendered":"D\u00e9lit d&#8217;offense au Chef de l&#8217;Etat d&#8217;apr\u00e8s la police"},"author":368,"comment_status":"closed","ping_status":"closed","template":"","meta":{"amp_status":""},"description":{"rendered":"<p class=\"attachment\"><a href='https:\/\/bizimugi.eu\/wp-content\/uploads\/2012\/04\/D\u00e9lit-doffense-au-Chef-de-lEtat-dapr\u00e8s-la-police.jpg'><img loading=\"lazy\" decoding=\"async\" width=\"300\" height=\"400\" src=\"https:\/\/bizimugi.eu\/wp-content\/uploads\/2012\/04\/D\u00e9lit-doffense-au-Chef-de-lEtat-dapr\u00e8s-la-police-375x500.jpg\" class=\"attachment-medium size-medium\" alt=\"\" srcset=\"https:\/\/bizimugi.eu\/wp-content\/uploads\/2012\/04\/D\u00e9lit-doffense-au-Chef-de-lEtat-dapr\u00e8s-la-police-375x500.jpg 375w, https:\/\/bizimugi.eu\/wp-content\/uploads\/2012\/04\/D\u00e9lit-doffense-au-Chef-de-lEtat-dapr\u00e8s-la-police-600x800.jpg 600w, https:\/\/bizimugi.eu\/wp-content\/uploads\/2012\/04\/D\u00e9lit-doffense-au-Chef-de-lEtat-dapr\u00e8s-la-police.jpg 768w\" sizes=\"(max-width: 300px) 100vw, 300px\" \/><\/a><\/p>\n"},"caption":{"rendered":"<p>D\u00e9lit d&#8217;offense au Chef de l&#8217;Etat d&#8217;apr\u00e8s la police<\/p><p><a class=\"more-link btn\" href=\"https:\/\/bizimugi.eu\/eu\/apirilaren-14a-larunbat-huntan-poliziak-sarkozy-kanpora-operazioa-oztopatzen-entseatu-du\/delit-doffense-au-chef-de-letat-dapres-la-police\/\">Continue reading<\/a><\/p>\n"},"alt_text":"","media_type":"image","mime_type":"image\/jpeg","media_details":{"width":768,"height":1024,"file":"2012\/04\/D\u00e9lit-doffense-au-Chef-de-lEtat-dapr\u00e8s-la-police.jpg","sizes":{"woocommerce_thumbnail":{"file":"D\u00e9lit-doffense-au-Chef-de-lEtat-dapr\u00e8s-la-police-300x300.jpg","width":300,"height":300,"uncropped":true,"mime_type":"image\/jpeg","source_url":"https:\/\/bizimugi.eu\/wp-content\/uploads\/2012\/04\/D\u00e9lit-doffense-au-Chef-de-lEtat-dapr\u00e8s-la-police-300x300.jpg"},"woocommerce_gallery_thumbnail":{"file":"D\u00e9lit-doffense-au-Chef-de-lEtat-dapr\u00e8s-la-police-100x100.jpg","width":100,"height":100,"mime_type":"image\/jpeg","source_url":"https:\/\/bizimugi.eu\/wp-content\/uploads\/2012\/04\/D\u00e9lit-doffense-au-Chef-de-lEtat-dapr\u00e8s-la-police-100x100.jpg"},"woocommerce_single":{"file":"D\u00e9lit-doffense-au-Chef-de-lEtat-dapr\u00e8s-la-police-600x800.jpg","width":600,"height":800,"mime_type":"image\/jpeg","source_url":"https:\/\/bizimugi.eu\/wp-content\/uploads\/2012\/04\/D\u00e9lit-doffense-au-Chef-de-lEtat-dapr\u00e8s-la-police-600x800.jpg"},"thumbnail":{"file":"D\u00e9lit-doffense-au-Chef-de-lEtat-dapr\u00e8s-la-police-300x300.jpg","width":"300","height":"300","source_url":"https:\/\/bizimugi.eu\/wp-content\/uploads\/2012\/04\/D\u00e9lit-doffense-au-Chef-de-lEtat-dapr\u00e8s-la-police-300x300.jpg"},"medium":{"file":"D\u00e9lit-doffense-au-Chef-de-lEtat-dapr\u00e8s-la-police-375x500.jpg","width":"375","height":"500","source_url":"https:\/\/bizimugi.eu\/wp-content\/uploads\/2012\/04\/D\u00e9lit-doffense-au-Chef-de-lEtat-dapr\u00e8s-la-police-375x500.jpg"},"full":{"file":"D\u00e9lit-doffense-au-Chef-de-lEtat-dapr\u00e8s-la-police.jpg","width":768,"height":1024,"mime_type":"image\/jpeg","source_url":"https:\/\/bizimugi.eu\/wp-content\/uploads\/2012\/04\/D\u00e9lit-doffense-au-Chef-de-lEtat-dapr\u00e8s-la-police.jpg"}},"image_meta":{"aperture":"3","credit":"","camera":"KODAK LS753 ZOOM DIGITAL CAMERA","caption":"","created_timestamp":"1073675535","copyright":"","focal_length":"6","iso":"0","shutter_speed":"0.011111111111111","title":"","orientation":"1","keywords":[]}},"post":28976,"source_url":"https:\/\/bizimugi.eu\/wp-content\/uploads\/2012\/04\/D\u00e9lit-doffense-au-Chef-de-lEtat-dapr\u00e8s-la-police.jpg","_links":{"self":[{"href":"https:\/\/bizimugi.eu\/eu\/wp-json\/wp\/v2\/media\/28978"}],"collection":[{"href":"https:\/\/bizimugi.eu\/eu\/wp-json\/wp\/v2\/media"}],"about":[{"href":"https:\/\/bizimugi.eu\/eu\/wp-json\/wp\/v2\/types\/attachment"}],"author":[{"embeddable":true,"href":"https:\/\/bizimugi.eu\/eu\/wp-json\/wp\/v2\/users\/368"}],"replies":[{"embeddable":true,"href":"https:\/\/bizimugi.eu\/eu\/wp-json\/wp\/v2\/comments?post=28978"}]}}

https://bizimugi.eu/wp-content/uploads/2012/04/Délit-doffense-au-Chef-de-lEtat-daprès-la-police.jpg

Délit d&#8217;offense au Chef de l&#8217;Etat d&#8217;après la police

<p class="attachment"><a href='https://bizimugi.eu/wp-content/uploads/2012/04/Délit-doffense-au-Chef-de-lEtat-daprès-la-police.jpg'><img loading="lazy" decoding="async" width="300" height="400" src="https://bizimugi.eu/wp-content/uploads/2012/04/Délit-doffense-au-Chef-de-lEtat-daprès-la-police-375x500.jpg" class="attachment-medium size-medium" alt="" srcset="https://bizimugi.eu/wp-content/uploads/2012/04/Délit-doffense-au-Chef-de-lEtat-daprès-la-police-375x500.jpg 375w, https://bizimugi.eu/wp-content/uploads/2012/04/Délit-doffense-au-Chef-de-lEtat-daprès-la-police-600x800.jpg 600w, https://bizimugi.eu/wp-content/uploads/2012/04/Délit-doffense-au-Chef-de-lEtat-daprès-la-police.jpg 768w" sizes="(max-width: 300px) 100vw, 300px" /></a></p>

<p>Délit d&#8217;offense au Chef de l&#8217;Etat d&#8217;après la police</p><p><a class="more-link btn" href="https://bizimugi.eu/eu/apirilaren-14a-larunbat-huntan-poliziak-sarkozy-kanpora-operazioa-oztopatzen-entseatu-du/delit-doffense-au-chef-de-letat-dapres-la-police/">Continue reading</a></p>

2012/04/Délit-doffense-au-Chef-de-lEtat-daprès-la-police.jpg

Délit-doffense-au-Chef-de-lEtat-daprès-la-police-300x300.jpg

https://bizimugi.eu/wp-content/uploads/2012/04/Délit-doffense-au-Chef-de-lEtat-daprès-la-police-300x300.jpg

Délit-doffense-au-Chef-de-lEtat-daprès-la-police-100x100.jpg

https://bizimugi.eu/wp-content/uploads/2012/04/Délit-doffense-au-Chef-de-lEtat-daprès-la-police-100x100.jpg

Délit-doffense-au-Chef-de-lEtat-daprès-la-police-600x800.jpg

https://bizimugi.eu/wp-content/uploads/2012/04/Délit-doffense-au-Chef-de-lEtat-daprès-la-police-600x800.jpg

Délit-doffense-au-Chef-de-lEtat-daprès-la-police-375x500.jpg

https://bizimugi.eu/wp-content/uploads/2012/04/Délit-doffense-au-Chef-de-lEtat-daprès-la-police-375x500.jpg

Délit-doffense-au-Chef-de-lEtat-daprès-la-police.jpg
